{"id":110,"date":"2014-02-28T14:18:04","date_gmt":"2014-02-28T14:18:04","guid":{"rendered":"http:\/\/192.168.3.10\/wps\/?page_id=110"},"modified":"2024-10-29T17:23:04","modified_gmt":"2024-10-29T17:23:04","slug":"servicos","status":"publish","type":"page","link":"https:\/\/www.hcstecnologia.com.br\/wps\/?page_id=110","title":{"rendered":"Servi\u00e7os"},"content":{"rendered":"<p>Ainda com foco na personaliza\u00e7\u00e3o, oferecemos uma diversificada linha de servi\u00e7os, destacando-se:<\/p>\n<ul>\n<li>Monitoramento em tempo real de infraestruturas de TI<\/li>\n<li>Manuten\u00e7\u00e3o preventiva, preditiva e corretiva<\/li>\n<li>Suporte local e remoto para usu\u00e1rios e infraestruturas de TI<\/li>\n<li>Solu\u00e7\u00f5es de backup remoto e in loco<\/li>\n<li>Implanta\u00e7\u00e3o de servidores Linux e Windows<\/li>\n<li>Implementa\u00e7\u00e3o, manuten\u00e7\u00e3o e seguran\u00e7a em rede de dados<\/li>\n<li>Implanta\u00e7\u00e3o de redes de comunica\u00e7\u00e3o por RF para ind\u00fastrias<\/li>\n<li>Servi\u00e7os WEB de hospedagem e manuten\u00e7\u00e3o de dom\u00ednios<\/li>\n<\/ul>\n<p>&nbsp;<\/p>\n","protected":false},"excerpt":{"rendered":"<p>Ainda com foco na personaliza\u00e7\u00e3o, oferecemos uma diversificada linha de servi\u00e7os, destacando-se: Monitoramento em tempo real de infraestruturas de TI Manuten\u00e7\u00e3o preventiva, preditiva e corretiva Suporte local e remoto para usu\u00e1rios e infraestruturas de TI Solu\u00e7\u00f5es de backup remoto e in loco Implanta\u00e7\u00e3o de servidores Linux e Windows Implementa\u00e7\u00e3o, manuten\u00e7\u00e3o e seguran\u00e7a em rede de [&hellip;]<\/p>\n","protected":false},"author":1,"featured_media":0,"parent":13,"menu_order":0,"comment_status":"closed","ping_status":"open","template":"","meta":{"footnotes":""},"class_list":["post-110","page","type-page","status-publish","hentry"],"_links":{"self":[{"href":"https:\/\/www.hcstecnologia.com.br\/wps\/index.php?rest_route=\/wp\/v2\/pages\/110","targetHints":{"allow":["GET"]}}],"collection":[{"href":"https:\/\/www.hcstecnologia.com.br\/wps\/index.php?rest_route=\/wp\/v2\/pages"}],"about":[{"href":"https:\/\/www.hcstecnologia.com.br\/wps\/index.php?rest_route=\/wp\/v2\/types\/page"}],"author":[{"embeddable":true,"href":"https:\/\/www.hcstecnologia.com.br\/wps\/index.php?rest_route=\/wp\/v2\/users\/1"}],"replies":[{"embeddable":true,"href":"https:\/\/www.hcstecnologia.com.br\/wps\/index.php?rest_route=%2Fwp%2Fv2%2Fcomments&post=110"}],"version-history":[{"count":6,"href":"https:\/\/www.hcstecnologia.com.br\/wps\/index.php?rest_route=\/wp\/v2\/pages\/110\/revisions"}],"predecessor-version":[{"id":16002,"href":"https:\/\/www.hcstecnologia.com.br\/wps\/index.php?rest_route=\/wp\/v2\/pages\/110\/revisions\/16002"}],"up":[{"embeddable":true,"href":"https:\/\/www.hcstecnologia.com.br\/wps\/index.php?rest_route=\/wp\/v2\/pages\/13"}],"wp:attachment":[{"href":"https:\/\/www.hcstecnologia.com.br\/wps\/index.php?rest_route=%2Fwp%2Fv2%2Fmedia&parent=110"}],"curies":[{"name":"wp","href":"https:\/\/api.w.org\/{rel}","templated":true}]}}